e 2.
-1010001
Convert 36 (base 15) to base 8.
63
What is -13 (base 9) in base 15?
-c
0 (base 13) to base 6
0
3 (base 16) to base 14
3
What is 16 (base 10) in base 2?
10000
What is a3 (base 15) in base 12?
109
120 (base 14) to base 2
11100000
39 (base 16) to base 12
49
What is 3 (base 9) in base 11?
3
Convert 1100 (base 2) to base 9.
13
What is 34 (base 8) in base 7?
40
Convert 21 (base 5) to base 11.
10
12 (base 3) to base 7
5
What is -6 (base 10) in base 8?
-6
What is 22 (base 6) in base 2?
1110
What is -6 (base 14) in base 9?
-6
What is -11 (base 2) in base 11?
-3
What is 5 (base 14) in base 13?
5
What is 8 (base 10) in base 15?
8
-2 (base 8) to base 2
-10
What is 74 (base 9) in base 7?
124
Convert -4 (base 15) to base 8.
-4
What is 1001 (base 2) in base 8?
11
Convert -1b (base 15) to base 3.
-222
12 (base 7) to base 12
9
47 (base 12) to base 16
37
Convert b1 (base 14) to base 10.
155
Convert -26 (base 13) to base 4.
-200
-2111 (base 3) to base 14
-4b
What is 0 (base 13) in base 11?
0
-5 (base 16) to base 4
-11
What is 11 (base 9) in base 15?
a
-6 (base 10) to base 2
-110
-21120 (base 3) to base 5
-1304
Convert -1 (base 11) to base 15.
-1
Convert -16 (base 9) to base 8.
-17
What is 223 (base 7) in base 2?
1110011
What is -213 (base 4) in base 3?
-1110
What is -20 (base 7) in base 15?
-e
What is -5 (base 16) in base 15?
-5
What is -330 (base 4) in base 16?
-3c
-10 (base 8) to base 2
-1000
What is -2 (base 14) in base 6?
-2
-100010 (base 2) to base 8
-42
d (base 14) to base 8
15
Convert -34 (base 13) to base 14.
-31
What is 10 (base 13) in base 9?
14
What is 5 (base 15) in base 2?
101
0 (base 8) to base 13
0
Convert 7a (base 12) to base 8.
136
Convert -4 (base 15) to base 13.
-4
Convert 7 (base 9) to base 5.
12
Convert -1110 (base 3) to base 15.
-29
Convert b (base 13) to base 11.
10
Convert -8 (base 9) to base 14.
-8
What is 2 (base 3) in base 14?
2
What is 112 (base 3) in base 10?
14
What is 1 (base 15) in base 7?
1
What is -48 (base 10) in base 13?
-39
What is -1 (base 11) in base 2?
-1
Convert 1 (base 12) to base 6.
1
What is 111 (base 2) in base 12?
7
71 (base 12) to base 9
104
What is -3 (base 11) in base 8?
-3
65 (base 14) to base 2
1011001
-3301 (base 4) to base 12
-181
Convert 69 (base 14) to base 16.
5d
Convert 10 (base 2) to base 11.
2
Convert 1 (base 3) to base 9.
1
What is 8c (base 13) in base 14?
84
0 (base 9) to base 7
0
34 (base 15) to base 3
1211
What is 1021 (base 3) in base 7?
46
Convert -2 (base 5) to base 12.
-2
Convert 7 (base 13) to base 3.
21
What is 29 (base 15) in base 4?
213
b (base 15) to base 13
b
What is 1031 (base 4) in base 11?
70
Convert 5 (base 6) to base 11.
5
What is -4 (base 9) in base 4?
-10
What is 0 (base 16) in base 13?
0
39 (base 13) to base 6
120
-10 (base 3) to base 11
-3
What is -158 (base 9) in base 2?
-10000110
What is -1 (base 7) in base 6?
-1
Convert -6 (base 8) to base 2.
-110
Convert -2 (base 15) to base 8.
-2
What is 23 (base 5) in base 6?
21
What is -4e (base 16) in base 8?
-116
Convert 3 (base 15) to base 7.
3
What is 0 (base 2) in base 13?
0
What is -3 (base 8) in base 10?
-3
1 (base 2) to base 15
1
Convert 11d (base 16) to base 2.
100011101
Convert -22 (base 9) to base 14.
-16
-10 (base 3) to base 6
-3
What is -1 (base 6) in base 2?
-1
9 (base 14) to base 12
9
-24 (base 8) to base 2
-10100
-38 (base 14) to base 2
-110010
Convert 56 (base 9) to base 15.
36
Convert -22 (base 4) to base 9.
-11
45 (base 14) to base 11
56
Convert -123 (base 10) to base 9.
-146
-2120 (base 3) to base 7
-126
110 (base 3) to base 9
13
What is -110101 (base 2) in base 10?
-53
What is 0 (base 12) in base 4?
0
Convert 14 (base 7) to base 16.
b
What is 23 (base 9) in base 2?
10101
What is -10 (base 4) in base 13?
-4
What is 5 (base 10) in base 4?
11
Convert -3 (base 6) to base 9.
-3
Convert 2 (base 15) to base 6.
2
Convert -2 (base 12) to base 10.
-2
24 (base 5) to base 2
1110
Convert 2 (base 14) to base 12.
2
-3 (base 9) to base 12
-3
f3 (base 16) to base 12
183
-42 (base 6) to base 15
-1b
Convert -6 (base 10) to base 11.
-6
What is 14 (base 7) in base 6?
15
24 (base 10) to base 15
19
What is 73 (base 9) in base 11?
60
Convert -8 (base 13) to base 9.
-8
16 (base 14) to base 4
110
Convert 19 (base 13) to base 15.
17
2b (base 15) to base 12
35
Convert -5 (base 6) to base 9.
-5
Convert 11101 (base 2) to base 16.
1d
-56 (base 10) to base 15
-3b
Convert -1 (base 14) to base 12.
-1
Convert -8 (base 15) to base 12.
-8
Convert 1110 (base 3) to base 2.
100111
What is 10 (base 2) in base 5?
2
Convert -111 (base 5) to base 7.
-43
59 (base 11) to base 6
144
Convert 69 (base 15) to base 9.
120
What is 15 (base 8) in base 10?
13
Convert 7d (base 15) to base 9.
141
Convert 3 (base 4) to base 7.
3
What is 3 (base 9) in base 6?
3
Convert 22111 (base 3) to base 13.
148
37 (base 13) to base 2
101110
Convert 10 (base 6) to base 16.
6
What is 3 (base 11) in base 10?
3
What is 1 (base 16) in base 14?
1
What is 44 (base 8) in base 4?
210
Convert -5 (base 12) to base 8.
-5
What is -114 (base 6) in base 15?
-31
0 (base 12) to base 8
0
What is -5 (base 14) in base 11?
-5
What is -9 (base 13) in base 11?
-9
What is 11 (base 8) in base 15?
9
Convert 187 (base 9) to base 13.
c4
What is -7 (base 13) in base 3?
-21
Convert -6 (base 8) to base 5.
-11
6 (base 8) to base 11
6
What is 5 (base 11) in base 10?
5
421 (base 5) to base 3
11010
Convert -2 (base 12) to base 4.
-2
-2 (base 4) to base 12
-2
What is -2 (base 3) in base 8?
-2
16 (base 13) to base 7
25
What is 9 (base 15) in base 8?
11
Convert -2 (base 9) to base 10.
-2
Convert -124 (base 8) to base 3.
-10010
Convert -a8 (base 12) to base 8.
-200
Convert 4 (base 7) to base 14.
4
Convert -32 (base 15) to base 11.
-43
Convert c (base 15) to base 9.
13
Convert 2 (base 10) to base 16.
2
Convert 81 (base 15) to base 13.
94
232 (base 4) to base 3
1201
-5 (base 6) to base 7
-5
-26 (base 14) to base 4
-202
Convert -2 (base 5) to base 9.
-2
27 (base 9) to base 4
121
-1b (base 13) to base 4
-120
What is 120 (base 4) in base 15?
19
Convert 1111 (base 2) to base 13.
12
Convert -320 (base 8) to base 9.
-251
Convert -3 (base 9) to base 13.
-3
What is -38 (base 9) in base 14?
-27
-3 (base 9) to base 11
-3
Convert -15 (base 9) to base 10.
-14
What is -2 (base 15) in base 5?
-2
What is 13 (base 9) in base 13?
c
Convert -1 (base 9) to base 6.
-1
What is 1112 (base 3) in base 14?
2d
What is 20 (base 7) in base 16?
e
Convert -6 (base 16) to base 2.
-110
What is 25 (base 13) in base 7?
43
What is 3 (base 4) in base 14?
3
10010 (base 2) to base 13
15
What is 22a (base 13) in base 16?
176
Convert 3 (base 16) to base 12.
3
What is a (base 11) in base 4?
22
3 (base 10) to base 16
3
What is 1000 (base 5) in base 10?
125
What is 1011 (base 2) in base 4?
23
Convert -222 (base 6) to base 9.
-105
Convert -b (base 16) to base 11.
-10
What is 0 (base 4) in base 13?
0
What is 45 (base 14) in base 16?
3d
Convert -7 (base 14) to base 12.
-7
Convert -2 (base 12) to base 8.
-2
11 (base 2) to base 16
3
-1110111 (base 2) to base 5
-434
Convert 3 (base 9) to base 16.
3
Convert 14 (base 12) to base 15.
11
113 (base 4) to base 15
18
Convert 1 (base 16) to base 13.
1
-2 (base 8) to base 4
-2
-155 (base 11) to base 8
-265
Convert -1 (base 16) to base 10.
-1
16 (base 7) to base 4
31
Convert -6b (base 14) to base 2.
-1011111
What is 0 (base 11) in base 13?
0
2 (base 4) to base 6
2
What is -300 (base 4) in base 3?
-1210
What is 0 (base 3) in base 4?
0
11210 (base 3) to base 12
a9
-13 (base 7) to base 5
-20
23 (base 6) to base 5
30
Convert 10 (base 8) to base 9.
8
44 (base 5) to base 8
30
1 (base 16) to base 9
1
What is 0 (base 7) in base 4?
0
What is -12 (base 13) in base 5?
-30
What is -4 (base 9) in base 5?
-4
Convert -2 (base 7) to base 3.
-2
What is -15 (base 16) in base 11?
-1a
What is -10 (base 14) in base 2?
-1110
Convert -2 (base 5) to base 6.
-2
21 (base 16) to base 15
23
Convert 9 (base 15) to base 13.
9
What is 0 (base 11) in base 16?
0
Convert b (base 13) to base 2.
1011
What is -3 (base 16) in base 5?
-3
4 (base 5) to base 4
10
-99 (base 11) to base 9
-130
82 (base 13) to base 8
152
What is -7 (base 10) in base 6?
-11
Convert 11 (base 2) to base 3.
10
Convert 132 (base 8) to base 12.
76
What is -10 (base 7) in base 9?
-7
Co